 + f**2 + f + 7. What is t(0)?
7
Let a(b) = -19*b + 68. Give a(4).
-8
Let n(u) = -u**3 - 6*u**2 - u + 14. What is n(-7)?
70
Let o(z) = -35*z - 23. Determine o(5).
-198
Let z(a) = -2*a**2 + 35*a - 33. Calculate z(17).
-16
Let b(w) = -w**3 - 15*w**2 + 22*w + 118. What is b(-16)?
22
Let q(y) = -y**2 - 6*y + 9. Determine q(-8).
-7
Let b(z) = z**2 + 28*z + 138. Give b(-21).
-9
Let x(i) = 5*i - 9. Calculate x(7).
26
Let t(z) = -z**3 + 12*z**2 - 44*z + 4. What is t(7)?
-59
Let f(x) = 18*x - 767. Give f(43).
7
Let h(a) = -4*a**3 + 4*a - 3. Give h(2).
-27
Let a(c) = c**3 + 25*c**2 - 26*c - 3. What is a(-26)?
-3
Let m(w) = w**2 - 14*w + 29. What is m(12)?
5
Let j(k) = -26*k - 52. Determine j(-2).
0
Let g(h) = 46*h + 27. Calculate g(-1).
-19
Let b(p) = p**2 - 4*p - 5. What is b(6)?
7
Let s(r) = 3*r - 72. Calculate s(22).
-6
Let i(h) = 8*h - 2. Calculate i(2).
14
Let h(p) = p**3 + 3*p**2 - 3*p - 1. Calculate h(-4).
-5
Let x(s) = s**3 - 18*s**2 - 40*s - 2. What is x(20)?
-2
Let h(p) = -2*p + 51. Give h(18).
15
Let f(u) = u**3 - 4*u**2 - 7*u - 5. Give f(6).
25
Let s(t) = 22*t - 34. Give s(1).
-12
Let p(j) = 17*j**3 - 4*j**2 - 3*j - 1. Calculate p(-1).
-19
Let a(b) = b**3 + 11*b**2 + 19*b + 22. What is a(-10)?
-68
Let d(v) = -v**3 - 25*v**2 - 23*v + 46. Calculate d(-24).
22
Let o(m) = -m**3 + 4*m**2 - 2*m + 3. Give o(3).
6
Let g(k) = 4*k + 54. Give g(-12).
6
Let d(s) = s**2 + 2*s - 1. Determine d(-8).
47
Let n(v) = -3*v**2 - 2*v + 16. Give n(-6).
-80
Let f(x) = -5*x + 91. What is f(22)?
-19
Let t(d) = -d**3 - 4*d**2 + 9*d + 15. Determine t(-4).
-21
Let r(z) = -13*z - 2. Calculate r(-12).
154
Let u(k) = k**3 + 7*k**2 + 6*k - 3. Calculate u(-7).
-45
Let w(c) = -2*c**3 - 15*c**2 + 9*c + 17. Give w(-8).
9
Let s(w) = -2*w**2 - 2*w + 2. Determine s(2).
-10
Let d(t) = t**3 + 11*t**2 - 12*t + 7. Determine d(-12).
7
Let z(u) = -2*u**2 + 2*u + 7. Calculate z(-2).
-5
Let r(b) = -b**2 - 12*b - 42. Calculate r(-6).
-6
Let a(j) = 7*j + 228. Determine a(-31).
11
Let t(a) = 24*a - 319. Calculate t(13).
-7
Let o(w) = -8*w - 6. Give o(5).
-46
Let m(s) = s**2 - 3*s - 22. What is m(7)?
6
Let p(v) = -v**3 - 3*v - 3. Calculate p(-2).
11
Let q(g) = -30*g - 355. Give q(-12).
5
Let g(t) = -7*t - 1. What is g(-3)?
20
Let c(a) = a**2 - 16*a + 16. Calculate c(15).
1
Let r(x) = -x**2 - 14*x + 12. Give r(-15).
-3
Let w(f) = -2*f + 6. What is w(-10)?
26
Let k(j) = -14*j + 43. What is k(6)?
-41
Let d(z) = 3*z**3 - 72*z**2 - z - 44. What is d(24)?
-68
Let b(j) = -10*j - 6. Give b(-3).
24
Let a(u) = -2*u**2 - 45*u - 103. Determine a(-20).
-3
Let g(r) = 3*r**3 + r**2 - 2*r - 1. What is g(2)?
23
Let p(h) = -h**3 + 6*h**2 - 8*h + 8. Determine p(4).
8
Let j(w) = w**2 - 6*w - 94. Calculate j(12).
-22
Let g(d) = 5*d - 1. Determine g(5).
24
Let d(b) = b**3 - 10*b**2 + 7*b + 17. What is d(8)?
-55
Let n(h) = -h + 7. Give n(-3).
10
Let d(p) = 6*p + 78. What is d(-10)?
18
Let o(c) = -14*c + 87. What is o(7)?
-11
Let f(t) = -t**2 + 5*t + 3. Give f(7).
-11
Let f(p) = 18*p. What is f(-2)?
-36
Let s(j) = -14*j - 202. Determine s(-14).
-6
Let t(d) = -11*d**2 - 4*d + 4. Give t(1).
-11
Let j(r) = r + 23. Determine j(-12).
11
Let s(z) = -z**2 + 21*z - 37. Calculate s(16).
43
Let o(s) = 4*s + 86. Calculate o(-17).
18
Let f(j) = 5*j + 52. Determine f(-16).
-28
Let y(c) = 2*c + 10. Determine y(0).
10
Let z(b) = -b**3 - 23*b**2 + 23*b - 33. Give z(-24).
-9
Let w(u) = 5*u + 61. Give w(-13).
-4
Let f(o) = o**3 - 29*o**2 + 54*o + 25. What is f(27)?
25
Let i(s) = -s**2 - 3*s + 18. What is i(3)?
0
Let o(k) = k**2 + 13*k + 16. Determine o(-12).
4
Let z(u) = 4*u - 154. Give z(38).
-2
Let z(b) = -b**3 - 15*b**2 - 13*b - 4. What is z(-14)?
-18
Let t(j) = -j**3 + 3*j**2 + 2*j + 4. What is t(4)?
-4
Let n(v) = -12*v**2 - 3*v - 4. Give n(-1).
-13
Let i(z) = -2*z - 7. What is i(-3)?
-1
Let y(c) = 9*c**2 - c - 2. Give y(2).
32
Let g(r) = 3*r**2 - 41*r - 12. Give g(14).
2
Let o(y) = -5*y**2 + 4. What is o(-3)?
-41
Let w(y) = y**3 + 7*y**2 - 8*y + 3. Calculate w(-8).
3
Let q(h) = 5*h + 4. Give q(5).
29
Let j(o) = 6*o - 93. Give j(5).
-63
Let x(v) = 17*v + 41. Give x(-5).
-44
Let x(t) = -18*t + 34. Determine x(2).
-2
Let a(n) = -2*n - 9. Give a(-12).
15
Let n(x) = -x**3 + 11*x**2 + 13*x - 26. Calculate n(12).
-14
Let m(z) = z**3 - 3*z**2 - 11*z + 7. Calculate m(5).
2
Let i(f) = -f**2 - 11*f - 12. Calculate i(-9).
6
Let r(i) = 2*i - 27. What is r(21)?
15
Let v(w) = w**3 + 5*w**2 - 2*w - 2. Calculate v(-4).
22
Let s(w) = -w**3 - 2*w**2 - 3*w + 41. Calculate s(0).
41
Let c(r) = r**3 - 9*r**2 + 5*r + 2. Give c(8).
-22
Let n(r) = r**3 - 3*r**2 + 4*r - 1. What is n(2)?
3
Let c(k) = 2*k - 3. Calculate c(0).
-3
Let q(o) = 6*o - 21. What is q(-14)?
-105
Let u(t) = t**2 - 12*t + 32. What is u(5)?
-3
Let o(v) = v**2 - 4*v - 2. Give o(5).
3
Let o(d) = -4*d**3 + 7*d**2 + 6. Give o(3).
-39
Let w(p) = p**2 - p - 9. Determine w(6).
21
Let s(v) = v**2 - 9*v - 10. Calculate s(10).
0
Let w(v) = 2*v**2 - 7*v - 3. Determine w(-5).
82
Let j(n) = -6*n - 56. What is j(-10)?
4
Let p(f) = 20*f + 6. What is p(-1)?
-14
Let g(l) = -l**3 + 4*l**2 - 2*l - 1. Determine g(3).
2
Let r(x) = 15*x + 2. Give r(-3).
-43
Let y(r) = -2*r - 7. Calculate y(0).
-7
Let z(u) = -2*u**3 - 15*u**2 + 8*u. Determine z(-8).
0
Let b(y) = y**2 - 3*y + 4. Give b(4).
8
Let f(l) = l - 35. What is f(4)?
-31
Let x(z) = -8*z - 54. What is x(-7)?
2
Let j(p) = -p**3 - 10*p**2 - 6*p + 18. Calculate j(-9).
-9
Let x(z) = z**2 - 2*z + 3. What is x(0)?
3
Let u(o) = o**3 - 22*o**2 - 14. Give u(22).
-14
Let p(k) = k**2 + 16*k - 26. Determine p(-13).
-65
Let u(j) = -5*j**2 - 48*j - 41. Give u(-8).
23
Let c(m) = -2*m**2 - 24*m - 10. What is c(-11)?
12
Let q(x) = x - 20. Give q(-15).
-35
Let f(u) = u**3 - 8*u**2 - 4*u - 48. Give f(9).
-3
Let g(j) = -j**3 + 9*j**2 + 24*j - 11. Determine g(11).
11
Let t(b) = -b**3 - b**2 + b + 22. Determine t(0).
22
Let y(p) = p**2 + 4*p + 6. What is y(-4)?
6
Let b(f) = 97*f + 872. Calculate b(-9).
-1
Let l(i) = 2*i**3 + i**2 + 3*i + 10. Calculate l(-3).
-44
Let u(q) = 5*q**2 + 16*q + 7. Calculate u(-6).
91
Let w(v) = -v**3 + 13*v**2 - 28*v - 25. What is w(10)?
-5
Let v(r) = -2*r**2 + 9*r - 3. Determine v(6).
-21
Let x(a) = -2*a**2 + 2*a + 3. What is x(-1)?
-1
Let t(i) = 5*i + 6. Determine t(0).
6
Let k(z) = z**3 - 13*z**2 + 11*z - 30. Calculate k(12).
-42
Let h(y) = 2*y**2 + 20*y - 3. Calculate h(-10).
-3
Let x(c) = -8*c - 2. What is x(-2)?
14
Let i(b) = b**2 + 10*b + 3. Determine i(-10).
3
Let g(x) = -273*x + 1370. Give g(5).
5
Let y(i) = i**3 + 35*i**2 - 33*i + 71. Determine y(-36).
-37
Let a(v) = -4*v + 72. What is a(14)?
16
Let h(c) = -c**3 - 6*c**2 + 21*c + 138. Give h(-5).
8
Let m(z) = 3*z + 27. Determine m(-13).
-12
Let o(w) = w**3 - 9*w**2 + 2*w - 3. Calculate o(9).
15
Let c(g) = g + 17. Calculate c(-17).
0
Let m(y) = y**3 + 10*y**2 + 16*y + 62. Calculate m(-9).
-1
Let l(c) = 2*c**2 - 6*c + 17. Determine l(4).
25
Let n(w) = w**2 - 5*w - 22. Give n(8).
2
Let p(h) = -7*h + 8. Give p(0).
8
Let a(h) = -4*h + 18. Determine a(3).
6
Let n(s) = -4*s - 20. What is n(-12)?
28
Let n(x) = 39*x + 174. What is n(-4)?
18
Let f(s) = -s**3 - 6*s**2 + 7*s + 2. Calculate f(-7).
2
Let v(m) = -m - 3. Calculate v(-1).
-2
Let f(u) = 3*u**2 + 5*u + 7. Calculate f(-2).
9
Let p(h) = h**3 - 3*h**2 - 3*h + 6. Give p(3).
-3
Let g(m) = -2*m + 5. Calculate g(6).
-7
Let z(n) = -n - 11. Calculate z(-13).
2
Let n(g) = g**2 - 19*g + 58. What is n(9)?
-32
Let h(r) = r**3 - 7*r**2 - 16*r - 34. Calculate h(10).
106
Let c(y) = -y**3 + 35*y**2 + 294*y - 9. What is c(42)?
-9
Let t(y) = 96*y + 2011. Determine t(-21).
-5
Let d(q) = -q**2 - 3*q - 1. What is d(-4)?
-5
Let i(p) = 6*p**3 + p**2 - 2*p. Determine i(1).
5
Let n(z) = -z**2 - 14. What is n(0)?
-14
Let a(g) = -g**3 - 13*g**2 - 10*g + 15. Determine a(-12).
-9
Let k(l) = -l**2 + 7*l + 15. Give k(8).
7
Let n(y) = y**3 - 8*y**2 + 2*y - 1. Determine n(7).
-36
Let k(b) = 6*b - 12. Give k(1).
-6
Let g(t) = 2*t - 2. What is g(-3)?
-8
Let g(n) = 4*n**2 + 21*n + 36. Calculate g(-4).
16
Let p(k) = -4*k - 10. Determine p(7).
-38
Let x(h) = -h**3 + 9*h**2 - 9*h + 12. Give x(8).
4
Let i(w) = w - 28. Determine i(-9).
-37
Let j(s) = -7*s - 18. Determine j(-3).
3
Let y(p) = 2*p**3 - 2*p - 3. What is y(-2)?
-15
Let k(c) = -c**3 + 6*c**2 - 5*c - 2. Calculate k(